{"id":9,"date":"2019-12-31T10:51:15","date_gmt":"2019-12-31T10:51:15","guid":{"rendered":"http:\/\/ajahn.de\/?page_id=9"},"modified":"2019-12-31T13:45:12","modified_gmt":"2019-12-31T13:45:12","slug":"impressum","status":"publish","type":"page","link":"https:\/\/ajahn.de\/?page_id=9","title":{"rendered":"Impressum, Kontakt, Copyright"},"content":{"rendered":"\n<p>Angaben gem\u00e4\u00df \u00a7 5 TMG<\/p>\n\n\n\n<p>Andreas Jahn|<br>Gerhart-Hauptmann-Str. 5<br>99310 Arnstadt<br>Germany <\/p>\n\n\n\n<p><strong>Vertreten durch:<\/strong><br>Andreas Jahn<br><\/p>\n\n\n\n<p><strong>Kontakt:<\/strong><br>Tel: +49 (0)176 22622328<br>E-Mail:&nbsp;ajahn (at) ajahn.de<br>Site Management: webmaster (at) ajahn.de<\/p>\n\n\n\n<p><strong>Haftungsausschluss:<\/strong><br><br><strong>Haftung f\u00fcr Inhalte<\/strong><br><br>Die Inhalte unserer Seiten wurden mit gr\u00f6\u00dfter Sorgfalt erstellt. F\u00fcr die Richtigkeit, Vollst\u00e4ndigkeit und Aktualit\u00e4t der Inhalte k\u00f6nnen wir jedoch keine Gew\u00e4hr \u00fcbernehmen. Als Diensteanbieter sind wir gem\u00e4\u00df \u00a7 7 Abs.1 TMG f\u00fcr eigene Inhalte auf diesen Seiten nach den allgemeinen Gesetzen verantwortlich. Nach \u00a7\u00a7 8 bis 10 TMG sind wir als Diensteanbieter jedoch nicht verpflichtet, \u00fcbermittelte oder gespeicherte fremde Informationen zu \u00fcberwachen oder nach Umst\u00e4nden zu forschen, die auf eine rechtswidrige T\u00e4tigkeit hinweisen. Verpflichtungen zur Entfernung oder Sperrung der Nutzung von Informationen nach den allgemeinen Gesetzen bleiben hiervon unber\u00fchrt. Eine diesbez\u00fcgliche Haftung ist jedoch erst ab dem Zeitpunkt der Kenntnis einer konkreten Rechtsverletzung m\u00f6glich. Bei Bekanntwerden von entsprechenden Rechtsverletzungen werden wir diese Inhalte umgehend entfernen.<br><br><strong>Haftung f\u00fcr Links<\/strong><br><br>Unser Angebot enth\u00e4lt Links zu externen Webseiten Dritter, auf deren Inhalte wir keinen Einfluss haben. Deshalb k\u00f6nnen wir f\u00fcr diese fremden Inhalte auch keine Gew\u00e4hr \u00fcbernehmen. F\u00fcr die Inhalte der verlinkten Seiten ist stets der jeweilige Anbieter oder Betreiber der Seiten verantwortlich. Die verlinkten Seiten wurden zum Zeitpunkt der Verlinkung auf m\u00f6gliche Rechtsverst\u00f6\u00dfe \u00fcberpr\u00fcft. Rechtswidrige Inhalte waren zum Zeitpunkt der Verlinkung nicht erkennbar. Eine permanente inhaltliche Kontrolle der verlinkten Seiten ist jedoch ohne konkrete Anhaltspunkte einer Rechtsverletzung nicht zumutbar. Bei Bekanntwerden von Rechtsverletzungen werden wir derartige Links umgehend entfernen.<br><br><strong>Urheberrecht<\/strong><br><br>Die durch die Seitenbetreiber erstellten Inhalte und Werke auf diesen Seiten unterliegen dem deutschen Urheberrecht. Die Vervielf\u00e4ltigung, Bearbeitung, Verbreitung und jede Art der Verwertung au\u00dferhalb der Grenzen des Urheberrechtes bed\u00fcrfen der schriftlichen Zustimmung des jeweiligen Autors bzw. Erstellers. Downloads und Kopien dieser Seite sind nur f\u00fcr den privaten, nicht kommerziellen Gebrauch gestattet. Soweit die Inhalte auf dieser Seite nicht vom Betreiber erstellt wurden, werden die Urheberrechte Dritter beachtet. Insbesondere werden Inhalte Dritter als solche gekennzeichnet. Sollten Sie trotzdem auf eine Urheberrechtsverletzung aufmerksam werden, bitten wir um einen entsprechenden Hinweis. Bei Bekanntwerden von Rechtsverletzungen werden wir derartige Inhalte umgehend entfernen.<br><br><strong>Datenschutz<\/strong><br><br>Die Nutzung unserer Webseite ist in der Regel ohne Angabe personenbezogener Daten m\u00f6glich. Soweit auf unseren Seiten personenbezogene Daten (beispielsweise Name, Anschrift oder eMail-Adressen) erhoben werden, erfolgt dies, soweit m\u00f6glich, stets auf freiwilliger Basis. Diese Daten werden ohne Ihre ausdr\u00fcckliche Zustimmung nicht an Dritte weitergegeben.<br>Wir weisen darauf hin, dass die Daten\u00fcbertragung im Internet (z.B. bei der Kommunikation per E-Mail) Sicherheitsl\u00fccken aufweisen kann. Ein l\u00fcckenloser Schutz der Daten vor dem Zugriff durch Dritte ist nicht m\u00f6glich.<br>Der Nutzung von im Rahmen der Impressumspflicht ver\u00f6ffentlichten Kontaktdaten durch Dritte zur \u00dcbersendung von nicht ausdr\u00fccklich angeforderter Werbung und Informationsmaterialien wird hiermit ausdr\u00fccklich widersprochen. Die Betreiber der Seiten behalten sich ausdr\u00fccklich rechtliche Schritte im Falle der unverlangten Zusendung von Werbeinformationen, etwa durch Spam-Mails, vor.<br><\/p>\n\n\n\n<p>Website Impressum erstellt durch\u00a0<a href=\"https:\/\/www.impressum-generator.de\/\">impressum-generator.de<\/a>\u00a0von der\u00a0<a href=\"https:\/\/www.kanzlei-hasselbach.de\/\">Kanzlei Hasselbach<\/a><\/p>\n\n\n\n<p> Diese Web site wird ausschlie\u00dflich f\u00fcr private Zwecke benutzt und verfolgt keinerlei kommerzielle Zwecke. Die Seite selbst benutzt keine cookies und speichert keine pers\u00f6nlichen Daten. Der Webserver selbst loggt typische Informationen wie IP Adressen und Zugriffszeiten \/ -datum f\u00fcr die einzelnen Verbindungsanfragen. <\/p>\n\n\n\n<p><\/p>\n\n\n\n<h3 class=\"wp-block-heading\">Disclaimer \/ Contact \/ Copyright &#8211; short version in English<\/h3>\n\n\n\n<p><strong>Disclainer for contents<\/strong><\/p>\n\n\n\n<p>The contents of this Site have been created with utmost care. We can not guarantee the correctness, completeness and topicality of the contents. While wevare responsible for our own content on this site, we are not enforced to monitor external Information from third parties. We will remove or correct any questionable content as soon as we get notified about it being wrong or illegal.<\/p>\n\n\n\n<p><strong>Disclaimer for links<\/strong><\/p>\n\n\n\n<p>The Site may contain links to external web sites \/ content of third parties, that we have no influence on. We can not take any liability on this external content. The provider or operator of each external site is responsible for the content of their respective site. The linked pages were verified on critical or illegal content at the time of link creation, no illegal content was discernible at the time of link creation. Constant monitoring of external content is not reasonable without a concrete suspicion of illegality. We will remove such links as soon as we are made aware of any illegal external content<\/p>\n\n\n\n<p><strong>Copyright<\/strong><\/p>\n\n\n\n<p>The contents of this site underlie German copyright laws. Duplication, processing, distribution, and any kind of usage outside of this Copyright require the written consent of the author\/owner\/creator. Downloads and copies of this site are only accepted for private, non-commercial use. Wherever the content of this site were not created by the operator, copyrights of third parties were respected and marked as such. We would kindly ask you to make us aware of any hints of possible copyright infringements that may still be found in our content so we can immediately remove the content.<\/p>\n\n\n\n<p><strong>Data protection<\/strong><\/p>\n\n\n\n<p>Using our site is possible without disclosure of any personal information. If any personal data (e.g. name, address, email-address) is provided to us through the web site, this data is as far as possible provided voluntarily. This data is not provided to third parties without the person&#8217;s consent.<br>At this point we want to emphasize that data transmission on the internet (e.g. email communication) may be subject to security flaws. Transmission of some data is not encrypted and visible to third parties. A seamless protection of all data without access by third parties is not possible.<br>Hereby we expressly prohibit any usage of contact information provided in this Disclaimer for transmission of informational, promotional, or advertising materials that was not expressly requested by us. The operators of this site expressly reserve the right for legal actions in case of unsolicited reception of such information like Spam email, etc.<br><\/p>\n\n\n\n<p>This is an entirely privately used web page and is not used for any commercial purpose. The site itself doesn&#8217;t use cookies and will not store personal information. The web server itself will log typical web client data as IP addresses and times and dates of access requests.<\/p>\n","protected":false},"excerpt":{"rendered":"<p>Angaben gem\u00e4\u00df \u00a7 5 TMG Andreas Jahn|Gerhart-Hauptmann-Str. 599310 ArnstadtGermany Vertreten durch:Andreas Jahn Kontakt:Tel: +49 (0)176 22622328E-Mail:&nbsp;ajahn (at) ajahn.deSite Management: webmaster (at) ajahn.de Haftungsausschluss: Haftung f\u00fcr Inhalte Die Inhalte unserer Seiten wurden mit gr\u00f6\u00dfter Sorgfalt erstellt. F\u00fcr die Richtigkeit, Vollst\u00e4ndigkeit und Aktualit\u00e4t der Inhalte k\u00f6nnen wir jedoch keine Gew\u00e4hr \u00fcbernehmen. Als Diensteanbieter sind wir gem\u00e4\u00df \u00a7 &hellip; <\/p>\n<p class=\"link-more\"><a href=\"https:\/\/ajahn.de\/?page_id=9\" class=\"more-link\">Continue reading<span class=\"screen-reader-text\"> &#8220;Impressum, Kontakt, Copyright&#8221;<\/span><\/a><\/p>\n","protected":false},"author":1,"featured_media":0,"parent":5,"menu_order":0,"comment_status":"closed","ping_status":"closed","template":"","meta":{"ngg_post_thumbnail":0,"footnotes":""},"class_list":["post-9","page","type-page","status-publish","hentry","entry"],"_links":{"self":[{"href":"https:\/\/ajahn.de\/index.php?rest_route=\/wp\/v2\/pages\/9","targetHints":{"allow":["GET"]}}],"collection":[{"href":"https:\/\/ajahn.de\/index.php?rest_route=\/wp\/v2\/pages"}],"about":[{"href":"https:\/\/ajahn.de\/index.php?rest_route=\/wp\/v2\/types\/page"}],"author":[{"embeddable":true,"href":"https:\/\/ajahn.de\/index.php?rest_route=\/wp\/v2\/users\/1"}],"replies":[{"embeddable":true,"href":"https:\/\/ajahn.de\/index.php?rest_route=%2Fwp%2Fv2%2Fcomments&post=9"}],"version-history":[{"count":5,"href":"https:\/\/ajahn.de\/index.php?rest_route=\/wp\/v2\/pages\/9\/revisions"}],"predecessor-version":[{"id":15,"href":"https:\/\/ajahn.de\/index.php?rest_route=\/wp\/v2\/pages\/9\/revisions\/15"}],"up":[{"embeddable":true,"href":"https:\/\/ajahn.de\/index.php?rest_route=\/wp\/v2\/pages\/5"}],"wp:attachment":[{"href":"https:\/\/ajahn.de\/index.php?rest_route=%2Fwp%2Fv2%2Fmedia&parent=9"}],"curies":[{"name":"wp","href":"https:\/\/api.w.org\/{rel}","templated":true}]}}